te the remainder when 185221753 is divided by 20.
13
What is the remainder when 8878384 is divided by 103?
93
Calculate the remainder when 5114175 is divided by 1335.
1125
What is the remainder when 1273826 is divided by 63691?
6
What is the remainder when 26464966 is divided by 2405905?
11
What is the remainder when 26228 is divided by 2409?
2138
Calculate the remainder when 221210 is divided by 918.
890
Calculate the remainder when 5702068 is divided by 1140413.
3
Calculate the remainder when 61161 is divided by 1547.
828
Calculate the remainder when 255816 is divided by 20.
16
Calculate the remainder when 635903 is divided by 66.
59
What is the remainder when 132528 is divided by 26374?
658
What is the remainder when 19472 is divided by 4730?
552
What is the remainder when 21076404 is divided by 124?
0
What is the remainder when 3137285 is divided by 241329?
8
Calculate the remainder when 231271 is divided by 114894.
1483
What is the remainder when 32126578 is divided by 8031641?
14
What is the remainder when 57088048 is divided by 310?
308
Calculate the remainder when 270411 is divided by 4980.
1491
What is the remainder when 50891 is divided by 16893?
212
Calculate the remainder when 1207554 is divided by 1523.
1338
Calculate the remainder when 5958060 is divided by 64.
44
Calculate the remainder when 349185 is divided by 87134.
649
What is the remainder when 1044821 is divided by 149260?
1
What is the remainder when 25600 is divided by 5051?
345
Calculate the remainder when 1148181 is divided by 755.
581
What is the remainder when 624277 is divided by 10?
7
What is the remainder when 276170 is divided by 874?
860
What is the remainder when 1051126 is divided by 811?
70
What is the remainder when 4369 is divided by 534?
97
What is the remainder when 8865965 is divided by 66?
53
What is the remainder when 23565 is divided by 10686?
2193
What is the remainder when 810262 is divided by 740?
702
Calculate the remainder when 14447879 is divided by 7223936.
7
Calculate the remainder when 427988 is divided by 1393.
337
What is the remainder when 18128492 is divided by 385?
382
Calculate the remainder when 3697193 is divided by 400.
393
What is the remainder when 4591076 is divided by 765149?
182
What is the remainder when 535867 is divided by 82?
79
Calculate the remainder when 932289 is divided by 7227.
6
Calculate the remainder when 1283835 is divided by 641859.
117
Calculate the remainder when 97901 is divided by 6120.
6101
Calculate the remainder when 3506206 is divided by 292183.
10
Calculate the remainder when 1305154 is divided by 217512.
82
What is the remainder when 4252273 is divided by 51?
46
Calculate the remainder when 4297158 is divided by 42546.
12
Calculate the remainder when 373965107 is divided by 21.
5
What is the remainder when 34403875 is divided by 160018?
5
Calculate the remainder when 702097 is divided by 5805.
5497
Calculate the remainder when 69552610 is divided by 23184203.
1
What is the remainder when 432946 is divided by 61779?
493
Calculate the remainder when 380704004 is divided by 12.
8
Calculate the remainder when 23811095 is divided by 106.
103
What is the remainder when 545542 is divided by 5993?
179
Calculate the remainder when 26146 is divided by 3235.
266
What is the remainder when 1193615324 is divided by 283?
281
What is the remainder when 2242288 is divided by 151?
89
Calculate the remainder when 88840 is divided by 4365.
1540
Calculate the remainder when 1497782 is divided by 795.
2
Calculate the remainder when 26969 is divided by 96.
89
What is the remainder when 94473 is divided by 18830?
323
What is the remainder when 2448078 is divided by 5007?
4662
What is the remainder when 663704 is divided by 2048?
152
What is the remainder when 7027704 is divided by 2659?
2626
Calculate the remainder when 250556 is divided by 70.
26
Calculate the remainder when 2522299 is divided by 29.
24
Calculate the remainder when 843642 is divided by 23.
2
What is the remainder when 114363 is divided by 57165?
33
Calculate the remainder when 520967 is divided by 2816.
7
Calculate the remainder when 490287 is divided by 35020.
7
What is the remainder when 15219 is divided by 2914?
649
Calculate the remainder when 72829 is divided by 23945.
994
What is the remainder when 226648 is divided by 566?
248
What is the remainder when 802440 is divided by 2600?
1640
What is the remainder when 744445 is divided by 38727?
8632
What is the remainder when 49899 is divided by 441?
66
What is the remainder when 1724827 is divided by 1207?
24
What is the remainder when 443332 is divided by 110813?
80
Calculate the remainder when 45524 is divided by 2654.
406
Calculate the remainder when 6496 is divided by 3203.
90
Calculate the remainder when 858046 is divided by 5303.
4263
What is the remainder when 151672 is divided by 966?
10
Calculate the remainder when 497521 is divided by 82852.
409
What is the remainder when 4321055 is divided by 1016?
7
What is the remainder when 16805794 is divided by 13832?
13746
Calculate the remainder when 504414 is divided by 252201.
12
What is the remainder when 449794406 is divided by 390?
386
Calculate the remainder when 561295 is divided by 11.
9
Calculate the remainder when 27042670 is divided by 2256.
2254
What is the remainder when 18160 is divided by 702?
610
What is the remainder when 25823426 is divided by 3280?
3266
What is the remainder when 126319 is divided by 4851?
193
Calculate the remainder when 1220514 is divided by 23024.
242
Calculate the remainder when 6478728 is divided by 69.
42
Calculate the remainder when 2274221 is divided by 38.
35
Calculate the remainder when 899482 is divided by 299789.
115
What is the remainder when 1319404 is divided by 39?
34
Calculate the remainder when 218346307 is divided by 70.
67
Calculate the remainder when 162031 is divided by 12436.
363
What is the remainder when 109891 is divided by 1164?
475
Calculate the remainder when 100973210 is divided by 27.
14
Calculate the remainder when 1533385 is divided by 1919.
104
What is the remainder when 51713 is divided by 220?
13
Calculate the remainder when 3131314 is divided by 521876.
58
What is the remainder when 136233 is divided by 43303?
6324
What is the remainder when 1852219 is divided by 48?
43
Calculate the remainder when 5053705 is divided by 1493.
1393
What is the remainder when 202072 is divided by 2811?
2491
What is the remainder when 730907 is divided by 5111?
34
What is the remainder when 14884366 is divided by 321?
238
Calculate the remainder when 29826149 is divided by 523.
505
Calculate the remainder when 6419967 is divided by 7.
1
Calculate the remainder when 9709539 is divided by 46.
43
Calculate the remainder when 18859 is divided by 18829.
30
What is the remainder when 1558484 is divided by 22?
4
Calculate the remainder when 27402174 is divided by 172.
166
Calculate the remainder when 356325 is divided by 59334.
321
What is the remainder when 7710 is divided by 4383?
3327
Calculate the remainder when 171572 is divided by 55974.
3650
What is the remainder when 26324931 is divided by 2193742?
27
What is the remainder when 1228463 is divided by 409469?
56
What is the remainder when 2119885 is divided by 931?
929
What is the remainder when 842538398 is divided by 134?
132
Calculate the remainder when 26421492 is divided by 3038.
6
What is the remainder when 2567661 is divided by 444?
9
What is the remainder when 71871 is divided by 2534?
919
Calculate the remainder when 44442418 is divided by 465.
43
What is the remainder when 272236 is divided by 1254?
118
Calculate the remainder when 3112308 is divided by 984.
900
What is the remainder when 459517 is divided by 114763?
465
What is the remainder when 6303278 is divided by 150077?
44
Calculate the remainder when 650156 is divided by 33.
23
Calculate the remainder when 536991 is divided by 107396.
11
What is the remainder when 2349488 is divided by 1378?
1376
What is the remainder when 19870362 is divided by 15548?
18
What is the remainder when 625606 is divided by 12492?
1006
What is the remainder when 2927296 is divided by 802?
798
Calculate the remainder when 141534 is divided by 2670.
24
Calculate the remainder when 11465997 is divided by 19